{"id":294,"date":"2024-11-21T15:21:09","date_gmt":"2024-11-21T14:21:09","guid":{"rendered":"https:\/\/dog-city-bb.de\/wordpress\/?page_id=294"},"modified":"2026-04-07T08:31:52","modified_gmt":"2026-04-07T07:31:52","slug":"der-vorstand","status":"publish","type":"page","link":"https:\/\/www.dog-city-bb.de\/?page_id=294","title":{"rendered":"Der Vorstand"},"content":{"rendered":"<div class=\"dogcity-board\">\n<div class=\"dogcity-board__inner\">\n<div class=\"dogcity-board__header\">\n<h2>Unser Vorstand<\/h2>\n<p>Engagiert f\u00fcr Hundesport, Ausbildung und ein starkes Miteinander auf dem Hundeplatz<\/p>\n<\/p><\/div>\n<div class=\"dogcity-board__top\">\n<div class=\"dogcity-card\">\n<div class=\"dogcity-card__image\">\n          <img decoding=\"async\" src=\"https:\/\/www.dog-city-bb.de\/wp-content\/uploads\/2026\/03\/Roland.jpg\" alt=\"Roland\">\n        <\/div>\n<div class=\"dogcity-card__content\">\n<div class=\"dogcity-card__position\">1. Vorsitzender<\/div>\n<h3 class=\"dogcity-card__name\">Roland<\/h3>\n<p class=\"dogcity-card__task\">Ansprechpartner f\u00fcr Vereinsangelegenheiten und Organisation.<\/p>\n<p>          <a class=\"dogcity-card__mail\" href=\"mailto:1-vorsitzender@dog-city-bb.de\">1-vorsitzender@dog-city-bb.de<\/a>\n        <\/div>\n<\/p><\/div>\n<div class=\"dogcity-card\">\n<div class=\"dogcity-card__image\">\n          <img decoding=\"async\" src=\"https:\/\/www.dog-city-bb.de\/wp-content\/uploads\/2026\/04\/Michaela.jpeg\" alt=\"Michaela\">\n        <\/div>\n<div class=\"dogcity-card__content\">\n<div class=\"dogcity-card__position\">2. Vorsitzende<\/div>\n<h3 class=\"dogcity-card__name\">Michaela<\/h3>\n<p class=\"dogcity-card__task\">Unterst\u00fctzt den Verein in der Koordination und im Miteinander.<\/p>\n<p>          <a class=\"dogcity-card__mail\" href=\"mailto:2-Vorsitzender@dog-city-bb.de\">2-Vorsitzender@dog-city-bb.de<\/a>\n        <\/div>\n<\/p><\/div>\n<\/p><\/div>\n<div class=\"dogcity-board__bottom\">\n<div class=\"dogcity-card\">\n<div class=\"dogcity-card__image\">\n          <img decoding=\"async\" src=\"https:\/\/www.dog-city-bb.de\/wp-content\/uploads\/2026\/03\/patty.jpg\" alt=\"Patrick\">\n        <\/div>\n<div class=\"dogcity-card__content\">\n<div class=\"dogcity-card__position\">\u00dcbungsleiter<\/div>\n<h3 class=\"dogcity-card__name\">Patrick<\/h3>\n<p class=\"dogcity-card__task\">Begleitet Training, Ausbildung und sportliche Entwicklung auf dem Platz.<\/p>\n<p>          <a class=\"dogcity-card__mail\" href=\"mailto:uebungsleiter@dog-city-bb.de\">uebungsleiter@dog-city-bb.de<\/a>\n        <\/div>\n<\/p><\/div>\n<div class=\"dogcity-card\">\n<div class=\"dogcity-card__image\">\n          <img decoding=\"async\" src=\"https:\/\/www.dog-city-bb.de\/wp-content\/uploads\/2026\/04\/Matze.jpeg\" alt=\"Matze\">\n        <\/div>\n<div class=\"dogcity-card__content\">\n<div class=\"dogcity-card__position\">Platzwart<\/div>\n<h3 class=\"dogcity-card__name\">Matze<\/h3>\n<p class=\"dogcity-card__task\">K\u00fcmmert sich um Platz, Ordnung und die Pflege unserer Anlage.<\/p>\n<p>          <a class=\"dogcity-card__mail\" href=\"mailto:platzwart@dog-city-bb.de\">platzwart@dog-city-bb.de<\/a>\n        <\/div>\n<\/p><\/div>\n<div class=\"dogcity-card\">\n<div class=\"dogcity-card__image\">\n          <img decoding=\"async\" src=\"https:\/\/www.dog-city-bb.de\/wp-content\/uploads\/2026\/03\/Ilka.jpg\" alt=\"Ilka\">\n        <\/div>\n<div class=\"dogcity-card__content\">\n<div class=\"dogcity-card__position\">Kassenwart<\/div>\n<h3 class=\"dogcity-card__name\">Ilka<\/h3>\n<p class=\"dogcity-card__task\">Verantwortlich f\u00fcr Finanzen, Beitr\u00e4ge und den \u00dcberblick \u00fcber die Vereinskasse.<\/p>\n<p>          <a class=\"dogcity-card__mail\" href=\"mailto:kassenwart@dog-city-bb.de\">kassenwart@dog-city-bb.de<\/a>\n        <\/div>\n<\/p><\/div>\n<div class=\"dogcity-card\">\n<div class=\"dogcity-card__image\">\n          <img decoding=\"async\" src=\"https:\/\/www.dog-city-bb.de\/wp-content\/uploads\/2026\/03\/Jane.jpeg\" alt=\"Jane\">\n        <\/div>\n<div class=\"dogcity-card__content\">\n<div class=\"dogcity-card__position\">Schriftf\u00fchrerin<\/div>\n<h3 class=\"dogcity-card__name\">Jane<\/h3>\n<p class=\"dogcity-card__task\">Zust\u00e4ndig f\u00fcr Protokolle, Dokumentation und schriftliche Vereinsangelegenheiten.<\/p>\n<p>          <a class=\"dogcity-card__mail\" href=\"mailto:schriftfuehrer@dog-city-bb.de\">schriftfuehrer@dog-city-bb.de<\/a>\n        <\/div>\n<\/p><\/div>\n<\/p><\/div>\n<\/p><\/div>\n<\/div>\n","protected":false},"excerpt":{"rendered":"<p>Unser Vorstand Engagiert f\u00fcr Hundesport, Ausbildung und ein starkes Miteinander auf dem Hundeplatz 1. Vorsitzender Roland Ansprechpartner f\u00fcr Vereinsangelegenheiten und Organisation. 1-vorsitzender@dog-city-bb.de 2. Vorsitzende Michaela Unterst\u00fctzt den Verein in der Koordination und im Miteinander. 2-Vorsitzender@dog-city-bb.de \u00dcbungsleiter Patrick Begleitet Training, Ausbildung und sportliche Entwicklung auf dem Platz. uebungsleiter@dog-city-bb.de Platzwart Matze K\u00fcmmert sich um Platz, Ordnung und [&hellip;]<\/p>\n","protected":false},"author":1,"featured_media":0,"parent":67,"menu_order":1,"comment_status":"closed","ping_status":"closed","template":"template-fullwidth.php","meta":{"footnotes":""},"class_list":["post-294","page","type-page","status-publish","hentry"],"_links":{"self":[{"href":"https:\/\/www.dog-city-bb.de\/index.php?rest_route=\/wp\/v2\/pages\/294","targetHints":{"allow":["GET"]}}],"collection":[{"href":"https:\/\/www.dog-city-bb.de\/index.php?rest_route=\/wp\/v2\/pages"}],"about":[{"href":"https:\/\/www.dog-city-bb.de\/index.php?rest_route=\/wp\/v2\/types\/page"}],"author":[{"embeddable":true,"href":"https:\/\/www.dog-city-bb.de\/index.php?rest_route=\/wp\/v2\/users\/1"}],"replies":[{"embeddable":true,"href":"https:\/\/www.dog-city-bb.de\/index.php?rest_route=%2Fwp%2Fv2%2Fcomments&post=294"}],"version-history":[{"count":24,"href":"https:\/\/www.dog-city-bb.de\/index.php?rest_route=\/wp\/v2\/pages\/294\/revisions"}],"predecessor-version":[{"id":682,"href":"https:\/\/www.dog-city-bb.de\/index.php?rest_route=\/wp\/v2\/pages\/294\/revisions\/682"}],"up":[{"embeddable":true,"href":"https:\/\/www.dog-city-bb.de\/index.php?rest_route=\/wp\/v2\/pages\/67"}],"wp:attachment":[{"href":"https:\/\/www.dog-city-bb.de\/index.php?rest_route=%2Fwp%2Fv2%2Fmedia&parent=294"}],"curies":[{"name":"wp","href":"https:\/\/api.w.org\/{rel}","templated":true}]}}